termine x(22).
-91
Let x(o) = 301*o - 10547. Give x(38).
891
Let v(k) = 14*k**2 - 511*k + 57. What is v(38)?
855
Let w(g) = 2*g**2 - 3296*g - 90438. Give w(-27).
12
Let z(d) = -221*d - 8561. Give z(-35).
-826
Let d(v) = v**2 + 99*v - 2086. Calculate d(19).
156
Let l(w) = w**3 - 52*w**2 + 42*w - 45. Calculate l(11).
-4544
Let n(t) = 8922*t - 231814. Calculate n(26).
158
Let r(c) = -279351*c - 95817399. Give r(-343).
-6
Let w(p) = -189098*p + 1512787. Determine w(8).
3
Let z(k) = -2015*k + 72540. Determine z(36).
0
Let f(q) = -q**2 + 9878*q - 6. Calculate f(0).
-6
Let i(r) = r**3 - 80*r**2 - 3164*r + 290. Determine i(109).
-37
Let a(k) = -4*k**3 - 91*k**2 + 459*k - 17. Determine a(-27).
-17
Let o(i) = 7*i**3 - 237*i**2 - 267*i - 48. Give o(35).
407
Let d(l) = 40*l**2 + 131*l - 530. What is d(4)?
634
Let q(a) = -2*a**3 - 3*a**2 + 254*a + 1089. Determine q(-5).
-6
Let o(p) = -21*p**2 - 580*p + 173. Determine o(-28).
-51
Let m(p) = p**3 + 62*p**2 + 1044*p + 9770. Give m(-43).
9
Let o(x) = -14*x**2 + 2526*x + 39777. Determine o(195).
-3
Let j(k) = -4724*k + 23585. What is j(5)?
-35
Let t(b) = -b**3 + 35*b**2 - 236*b - 7. What is t(26)?
-59
Let s(b) = 88*b - 5520. What is s(63)?
24
Let i(a) = -2496290*a + 12481450. Give i(5).
0
Let z(a) = a**2 + 53691*a + 35. What is z(0)?
35
Let b(u) = 2*u**3 - 21*u**2 - 213*u - 426. Determine b(16).
-1018
Let b(n) = n**3 + 44*n**2 + 15*n + 1678. Determine b(-45).
-1022
Let q(r) = -8*r**3 - 98*r**2 + 329. What is q(-12)?
41
Let g(d) = -d**3 + 16*d**2 + 8089*d - 129440. Determine g(16).
-16
Let x(g) = -g**3 + 118*g**2 - 2878*g - 2155. Give x(83).
86
Let p(r) = -1186*r**2 + 11838*r + 6. Determine p(10).
-214
Let j(i) = i**2 + 10821*i - 1534546. Determine j(140).
-6
Let z(f) = -13877*f - 69336. Determine z(-5).
49
Let r(z) = z**3 - 245*z**2 + 3509*z + 2470. Give r(16).
-10
Let r(s) = -1049*s + 14669. Give r(14).
-17
Let q(f) = -4*f**2 + 337*f - 90. Give q(84).
-6
Let q(i) = i**3 - 7*i**2 + 70*i - 269. Give q(5).
31
Let w(t) = -2*t**3 - 261*t**2 - 653*t - 2008. Determine w(-128).
-344
Let m(v) = 35*v**3 - 16*v**2 - 78*v - 62. Give m(-1).
-35
Let m(z) = -34195*z - 4205981. Give m(-123).
4
Let x(r) = 4*r**2 + 811*r + 40674. What is x(-91)?
-3
Let g(v) = 3*v**2 + 9193*v - 36747. What is g(4)?
73
Let r(u) = -6944*u + 35011. Give r(5).
291
Let f(v) = -12*v**3 - 1515*v**2 - 383*v + 286. Calculate f(-126).
916
Let w(o) = 7494*o - 1296450. Determine w(173).
12
Let r(j) = -j**2 - 250*j - 724. Give r(-247).
17
Let n(q) = 879*q - 61422. Determine n(70).
108
Let c(f) = -f**2 + 292*f + 63419. Give c(437).
54
Let b(y) = -2*y**3 + 54*y**2 + 197*y - 517. Calculate b(30).
-7
Let g(p) = -5152*p + 15144. Give g(3).
-312
Let h(i) = -925*i + 2794. What is h(3)?
19
Let t(f) = -16121*f - 80596. What is t(-5)?
9
Let z(j) = 3*j**2 - 167*j - 73573. What is z(-131)?
-213
Let z(b) = -21*b**3 - 444*b**2 + 139*b + 4240. Calculate z(-21).
-2
Let m(d) = d**3 + 44*d**2 + 474*d + 103. Determine m(-18).
-5
Let v(y) = -y**3 - 88*y**2 + 183*y - 122. Determine v(-90).
-392
Let g(n) = -71*n**2 - 1571*n - 218. Give g(-22).
-20
Let t(z) = 4*z**2 + 343*z - 21453. Calculate t(42).
9
Let j(o) = -28570*o + 685670. Calculate j(24).
-10
Let u(w) = 36804*w - 36962. What is u(1)?
-158
Let k(w) = 2601*w + 1604807. Give k(-617).
-10
Let j(z) = -75*z + 3895. Determine j(46).
445
Let n(m) = -1728*m + 30485. Calculate n(17).
1109
Let t(p) = 2*p**3 + 52*p**2 + 167*p - 280. What is t(-23)?
-947
Let p(a) = 11*a**3 - a**2 - 6*a + 10. What is p(4)?
674
Let g(m) = 2*m**3 - 41*m**2 + 94*m - 1489. Calculate g(20).
-9
Let t(m) = -m**3 + 38*m**2 + 99*m + 1581. What is t(41)?
597
Let o(y) = -y**3 - 155*y**2 - 40*y + 2215. Calculate o(-4).
-41
Let s(b) = -3*b**2 - 2*b - 127. Give s(-19).
-1172
Let b(r) = 245*r + 232466. Give b(-949).
-39
Let v(d) = -7321*d + 878537. Give v(120).
17
Let y(r) = -3*r**2 - 635*r - 1061. What is y(-210)?
-11
Let o(k) = 8*k**3 - 51*k**2 - 17*k + 142. What is o(8)?
838
Let a(m) = -14*m**2 - 1058*m + 642. Determine a(-76).
186
Let w(d) = 3*d**3 + 166*d**2 - 1672*d - 511. What is w(-64)?
1
Let x(j) = 5*j**3 - 60*j**2 - 9*j + 173. What is x(12)?
65
Let h(l) = 42535*l - 85853. Determine h(2).
-783
Let f(z) = z**2 - 136*z + 2193. What is f(120)?
273
Let u(k) = k**3 + 81*k**2 - 472*k - 49780. What is u(-79)?
-10
Let b(i) = 6*i**2 - 118*i + 227. Calculate b(19).
151
Let g(m) = -16875*m + 185655. Give g(11).
30
Let j(s) = -2*s**3 + 255*s**2 + 143*s - 1910. What is j(128)?
10
Let k(v) = -7*v**2 + 472*v - 3388. What is k(59)?
93
Let r(w) = -401*w + 87. Calculate r(0).
87
Let h(a) = 38*a**3 - 154*a**2 - 1027*a + 4177. Give h(4).
37
Let l(b) = b**2 - 1005274*b - 5026393. Determine l(-5).
2
Let k(f) = -10*f**2 + 1469*f - 4660. Give k(144).
-484
Let v(l) = l**2 + 23233*l - 92939. What is v(4)?
9
Let b(r) = 2349*r**3 - 4*r**2 - 7*r - 1. What is b(-1)?
-2347
Let u(a) = -a**3 - 8*a**2 - 2*a + 30. What is u(-8)?
46
Let p(f) = 5*f**3 + 28*f**2 + 3*f - 79. Determine p(-5).
-19
Let g(a) = 10*a**3 - 93*a**2 - 78*a + 92. Determine g(10).
12
Let g(b) = 48*b + 1110. Give g(-14).
438
Let s(t) = -12*t**2 + 172*t - 582. What is s(7)?
34
Let n(t) = -10*t**2 + 55*t - 94. Determine n(4).
-34
Let w(a) = 396*a - 345288. Calculate w(872).
24
Let x(z) = 56*z - 5949. What is x(105)?
-69
Let s(c) = -c**3 - 88*c**2 + 15077*c + 1303221. Determine s(-85).
1
Let i(q) = q**2 - 8583*q + 1856137. Determine i(222).
-5
Let a(q) = q**3 - 382*q**2 - 358*q - 8352. Give a(383).
1223
Let s(r) = 12534*r - 3359111. Determine s(268).
1
Let k(a) = -3*a**3 + 98*a**2 + 1019*a - 34660. Give k(32).
-4
Let v(z) = 9*z**3 + 107*z**2 + 160*z + 936. Calculate v(-11).
144
Let q(a) = 2*a**3 + 53*a**2 + 325*a + 84. Determine q(-9).
-6
Let p(h) = 1384*h - 5643. Give p(4).
-107
Let a(s) = 218*s - 28083. Determine a(120).
-1923
Let v(c) = 3*c**3 - 72*c**2 + 58*c + 123. Determine v(23).
-130
Let f(n) = -138*n**3 - 319*n**2 + 22*n + 18. Calculate f(-3).
807
Let r(s) = s**3 - 42*s**2 - 295*s - 133. What is r(48)?
-469
Let o(y) = y**3 - 52*y**2 + 451*y - 14332. What is o(49)?
564
Let k(i) = 1452*i**2 - 16*i - 12. Determine k(-1).
1456
Let i(v) = 311*v + 315080. What is i(-1013)?
37
Let f(b) = b**3 + 106*b**2 + 530*b + 2524. Give f(-101).
-1
Let x(y) = 72*y**2 + 1224*y + 5064. Give x(-10).
24
Let g(h) = -8*h**3 + 9*h**2 + 2364*h + 1173. What is g(18)?
-15
Let g(o) = -270*o - 1104. What is g(-11)?
1866
Let f(o) = 2*o**3 + 42*o**2 - 61*o + 43. Give f(-21).
1324
Let r(z) = 2175*z**3 + 5*z**2 + 280*z + 281. Calculate r(-1).
-2169
Let m(t) = -3633*t - 559363. What is m(-154)?
119
Let j(y) = -8273*y - 297822. What is j(-36)?
6
Let d(z) = z**3 + 196*z**2 + 1319*z - 764. Give d(-189).
-8
Let p(m) = -2*m**2 - 229*m - 5117. Give p(-24).
-773
Let f(q) = -5964*q - 172208. Calculate f(-29).
748
Let r(j) = -29677*j + 207430. What is r(7)?
-309
Let l(o) = 61*o**2 + 2200*o + 6472. What is l(-33)?
301
Let n(j) = 30649*j - 735882. What is n(24)?
-306
Let d(p) = -6*p**2 + 268*p - 2962. Determine d(20).
-2
Let w(f) = 41*f**3 - 7*f**2 - 4151*f + 4155. Give w(1).
38
Let n(i) = -i**3 - 394*i**2 + 2695*i + 118031. Determine n(-400).
31
Let v(x) = x**3 - 79*x**2 - 234*x + 12280. Determine v(80).
-40
Let i(a) = -a**3 + 185*a**2 - 1792*a + 418. Calculate i(10).
-2
Let h(c) = 4*c**3 + 756*c**2 + 878*c + 165942. Calculate h(-189).
0
Let u(f) = f**2 + 116*f + 652. Give u(-97).
-1191
Let m(i) = i**2 + 34*i - 2885. Give m(-71).
-258
Let b(o) = -5299*o - 381431. What is b(-72)?
97
Let i(x) = 418*x - 27625. Calculate i(66).
-37
Let y(f) = -2366*f + 189314. What is y(80)?
34
Let t(o) = -o**2 - 458*o - 48027. Give t(-295).
58
Let c(f) = 316428*f - 5379302. Calculate c(17).
-26
Let t(l) = l**3 + 38*l**2 + 460*l + 9703. Determine t(-33).
-32
Let l(z) = 38*z**3 + 41*z**2 + 285*z - 685. What is l(2)?
353
Let i(r) = -6431*r - 109336. Give i(-17).
-9
Let z(f) = -1003*f - 29630. Determine z(-30).
460
Let b(w) = 66*w**3 + 121*w**2 - 12. Determine b(-2).
-56
Let w(a) = -8*a**2 - 858*a - 4133. What is w(-5)?
-43
Let k(l) = l**3 + 367*l**2 + 15586*l + 1273. What is k(-318)?
1
Let r(l) = -247*l + 1102. Give r(4).
114
Let i(y) = -6*y**3 + 2845*y**2 - 485*y + 5223. Give i(474).
9
Let i(a) = -2*a**2 - 170963*a + 35. What is i(0)?
35
Let a(x) = -3*x**3 + 218*x**2 + 759*x + 310.